5*v**2 + 7*v - 4. Let h(d) = -d**3 + 5*d**2 + 7*d. Let k be h(6). Let r be b(k). Let x = r - -6. What are the prime factors of x?
2
Let n(d) = d**3 - 7*d**2 + 2*d - 12. Let j be n(7). Suppose 3*f - 27 = -j*a + 55, 0 = -4*f - 4*a + 108. List the prime factors of f.
2, 7
Let v(m) = 7*m**3 - 3*m + 1. Let o be v(2). Let t = o + -31. List the prime factors of t.
2, 5
List the prime factors of (-1 - (-268)/(-8))*-4.
2, 3, 23
Let n(u) be the first derivative of u**2/2 + u - 3. Let q be n(-6). Let r = 7 + q. What are the prime factors of r?
2
Suppose u - 5*u = -36. List the prime factors of 16/3 + 6/u.
2, 3
Suppose -2*v + 3*t = 7*t - 392, 0 = -5*v - 4*t + 1004. What are the prime factors of v?
2, 3, 17
Let x(p) = p**3 + 2 - 5*p**2 + 3*p**2 - 6*p**2 + 0*p**3. Let t be x(8). Suppose 5*k = -3*y + 4, 0 = -3*k + t*y - 0*y + 10. List the prime factors of k.
2
Let x = -60 - -121. What are the prime factors of x?
61
Let m(c) be the second derivative of c**5/20 - c**4/4 + c**2 + 4*c. What are the prime factors of m(4)?
2, 3
Suppose 6*v - 163 = 209. What are the prime factors of v?
2, 31
Let i(a) = -3 + 6*a + 4*a**2 + 3*a**3 - 3*a**3 + 0*a**3 - a**3. Let b = -11 + 16. What are the prime factors of i(b)?
2
Suppose o = 2, -l + 3*o + 50 = 8*o. List the prime factors of l.
2, 5
Let t(k) = -4*k**3 + 6*k**2 + 20*k + 8. Let g(x) = -5*x**3 + 5*x**2 + 21*x + 8. Let q(l) = 5*g(l) - 6*t(l). List the prime factors of q(-10).
2, 3, 7
Let s(b) = -b + 1. Suppose -2*z = 2*z - 12. Let q be s(z). What are the prime factors of (12/10)/(q/(-15))?
3
Suppose r = -2*p - p + 46, -3*r + 128 = 4*p. Suppose y + r = 3*y. What are the prime factors of y?
2, 5
Suppose 2*i = -y - 2, -3*i + 7*i - 3*y = 16. Let q(u) = 44*u**2 + u - 1. What are the prime factors of q(i)?
2, 11
Suppose -5*i = -628 - 277. List the prime factors of i.
181
List the prime factors of 710/14 + 12/42.
3, 17
Let y = 9 - 9. Suppose -5*w = -3*v - 0*w + 80, v - w - 26 = y. What are the prime factors of v?
5
Let d(h) = -13*h - 42. List the prime factors of d(-12).
2, 3, 19
Let c be (2 - 1)/((-1)/13). Let n = c - -22. List the prime factors of n.
3
Let i = -72 - -190. List the prime factors of i.
2, 59
What are the prime factors of -2 - (-10)/(4/4)?
2
Let c(g) = 2*g**3 - 15*g**2 + 6*g - 2. List the prime factors of c(9).
5, 59
Let r = -6 - -52. Let m = -15 + r. What are the prime factors of m?
31
Let c(o) = 5*o**2 + 5*o - 2. Let p(m) = -6*m**2 - 5*m + 2. Let f(i) = 3*c(i) + 2*p(i). List the prime factors of f(3).
2, 5
Let f(b) = 2*b. Let j be f(1). Let g = 8 - j. List the prime factors of g.
2, 3
Let n = -16 - -5. Let f(p) be the third derivative of -p**6/120 - 11*p**5/60 - p**4/8 - 5*p**3/2 - 3*p**2. What are the prime factors of f(n)?
2, 3
List the prime factors of (4/(-6))/(20/(-1950)).
5, 13
Let i(x) be the second derivative of x**5/20 + 5*x**4/12 - x**3 + 3*x**2 + 3*x. Let g be i(-6). Suppose -f = -g*f + 70. List the prime factors of f.
2, 7
Suppose -315 = -5*k - 0*k. List the prime factors of k.
3, 7
Let g(t) = t + 4. Let q be g(-6). Let y(i) = 2*i. Let z(a) = a**2 - a - 1. Let k(v) = y(v) + 2*z(v). List the prime factors of k(q).
2, 3
Let y be (75/6 - 3)*2. Suppose -7 = -2*i + y. What are the prime factors of i?
13
Let x = 6 - 8. List the prime factors of ((-5)/x)/(1/2).
5
Suppose -102 = -m + 150. What are the prime factors of m?
2, 3, 7
Let m = -18 + 141. Suppose 0 = 4*w - 3*d - 141, 4*w - 4*d - m = 21. Suppose 2*k - w = -k. What are the prime factors of k?
11
Let k(m) = -m**3 + 4*m**2 + 6*m - 6. Let c be k(4). Suppose -p = -4*p + c. Suppose v + 2*s - s - 6 = 0, 2*v - s - p = 0. What are the prime factors of v?
2
List the prime factors of (-2 + 1)/(5/10) - -29.
3
What are the prime factors of 0 - (8/28 - 2398/14)?
3, 19
Let s(q) = q**3 - 4*q**2 - 4*q - 5. Let r be s(5). Suppose -y + 5*y - 68 = r. List the prime factors of y.
17
Suppose 4*n + 16 = 0, 0*n - 2*n + 46 = 3*y. List the prime factors of y.
2, 3
Let r(z) = -6*z**3 + 2*z + 1. Let a be r(-1). Suppose -3*w = -62 + a. List the prime factors of w.
19
Let j(c) = 3*c**2 + 9*c + 4. Let i be j(-6). Let p = i + -81. Let a = -15 - p. List the prime factors of a.
2
Let j(z) = -z**2 - 7*z - 8. Let b be j(-6). Let u be (-3)/(3/b) - -3. Suppose -u*q + 21 + 14 = 0. What are the prime factors of q?
7
Suppose 3*x - 2*x - 41 = 5*w, 5*w = -20. What are the prime factors of x?
3, 7
Let z be (1/(-2))/(3/(-24)). Suppose z*c = c - 18. Let w = c - -16. What are the prime factors of w?
2, 5
Suppose -3*q + 9 = -3. Suppose -3*a = 5*k - 169, -2*k = -0*a - 5*a + 323. Suppose 2*x = -2, -q*n - 2*x + a = -x. List the prime factors of n.
2
Let l = 5 + -5. Suppose 4*o + 9 - 1 = l. List the prime factors of 3*o/6*-7.
7
Suppose -5*c + 67 = p + 5, 5*p + 50 = 5*c. List the prime factors of c.
2, 3
Suppose -3 = -3*f + 9. Let y(r) = -r + 5. Let t be y(f). What are the prime factors of t + -1 - 1*-2?
2
Suppose 3*m + 9 = 75. Let y = m + -11. List the prime factors of y.
11
Suppose 4*a + 53 = 333. What are the prime factors of a?
2, 5, 7
Let r(q) = -5*q**3 + 2*q**2 + q. Let z be r(-1). Let n(c) = 2*c - 9. What are the prime factors of n(z)?
3
Let g be -2 - (-4 - 6/3). Suppose 4*p - g*n + 8 = 2*p, -2*p + 2 = n. Suppose k + 4*k - 40 = p. What are the prime factors of k?
2
Let z be (1/(-2))/((-1)/108). Suppose 0 = -2*s + z - 10. Suppose 0 = 4*r - s + 2. List the prime factors of r.
5
What are the prime factors of 4*(-745)/(-20) + 0?
149
Suppose -5*m - 161 = -2*o, -113 - 28 = -2*o + m. Let x = o - 35. List the prime factors of x.
3, 11
Suppose -4*l + 9*l = 0. Suppose l*t = 4*t - 68. What are the prime factors of t?
17
Let q be (42/10 + -3)*-5. Suppose 0 = -b + 7 + 6. What are the prime factors of 4 + q + b*1?
11
Let q = 40 + -21. Suppose -g = -0*g. Suppose -7 = -2*w + x, g*w - 5*w + x + q = 0. List the prime factors of w.
2
Let o = 781 - 496. What are the prime factors of o?
3, 5, 19
Let w be 3/5 - (-4)/10. What are the prime factors of -13*(0 + w + -2)?
13
Let c(g) = -g**3 + 5*g**2 + 15*g - 7. Let u be c(7). What are the prime factors of (12 - u - 4) + 1?
3
Let v(j) = -j**3 + 5*j**2 + 2. Suppose 4*r - 24 - 12 = -5*q, -r + 8 = q. List the prime factors of v(r).
2, 3
Let i(k) = k**3 - k**2 - k. Let p be i(2). Let h(d) = 3 - 7*d + 2*d**2 - 2*d**p - d**2. List the prime factors of h(-7).
3
Suppose -d - d = 3*y - 152, -y + 45 = -5*d. What are the prime factors of y?
2, 5
Suppose -25 = -5*s, -3*s - 3 = 3*b + 9. Let y = -9 - b. Suppose 3*v + g - 42 = 0, -4*v + 4*g + 72 = -y*g. List the prime factors of v.
3, 5
Let z(m) be the first derivative of 3/2*m**2 - 2 + 1/3*m**3 + m. List the prime factors of z(-4).
5
Suppose 356 = -q + 3*q. List the prime factors of q.
2, 89
Suppose -5*r + 2 = -3*u, 2*u - 3*r - 1 = -3. Suppose -3*j + 3*s - 4*s + 16 = 0, -3*j - 2*s = -14. Let a = u + j. What are the prime factors of a?
2
Suppose 3*n + 0*n - 66 = 0. List the prime factors of n.
2, 11
Let c = 0 + 33. Let f = c - 17. What are the prime factors of f?
2
Let u(y) = 23*y - 2. List the prime factors of u(1).
3, 7
Let f = -3 - -3. Let w(v) = -v + 51. List the prime factors of w(f).
3, 17
Let g(l) = l**3 + l + 1. Let h(d) = 4*d**2 + 3*d**2 - 2*d**2 - 4*d**2 - 3. Let w(k) = g(k) - h(k). What are the prime factors of w(0)?
2
Let v(j) = 4*j**2 + j. Let t be v(1). Suppose -7*x = 3*k - 3*x - 91, 0 = -t*k - 2*x + 161. List the prime factors of k.
3, 11
Suppose -10*l + 218 = -9*l. What are the prime factors of l?
2, 109
Suppose k = 5*m + 116, 5*m = -3*k + 239 + 89. What are the prime factors of k?
3, 37
Let h be ((2 - 2)/(-2))/(-1). Suppose h = 3*a - 2*f - 78 + 28, -4*a + f + 65 = 0. List the prime factors of a.
2
Suppose -5*n + 3*i = -2*i - 305, 250 = 4*n + 2*i. List the prime factors of n.
2, 31
Suppose 0 = 3*z - 3*k + 9, -z - k - 3*k + 2 = 0. What are the prime factors of z*(-12)/(-8) + 29?
2, 13
Let n be (-13)/(-5) - (-2)/5. Suppose -2*s + 25 = n*s. List the prime factors of s.
5
Let s(h) = 9*h - 1. Let m be s(1). Let x(o) be the third derivative of o**5/60 - o**4/4 - 11*o**3/6 - 2*o**2. List the prime factors of x(m).
5
Let a(b) = 16*b + 2. Let m(l) = 11*l + 1. Let r(k) = -5*a(k) + 8*m(k). Let v be r(-5). Let s = -30 - v. What are the prime factors of s?
2, 3
Suppose 72 = 4*y - 2*y. What are the prime factors of y?
2, 3
Let n(d